digit of 4875637633?
8
What is the hundred thousands digit of 1637298?
6
What is the ten thousands digit of 20992783?
9
What is the hundred millions digit of 369918396?
3
What is the tens digit of 76920112?
1
What is the hundred thousands digit of 3608115?
6
What is the ten thousands digit of 749831155?
3
What is the thousands digit of 284438433?
8
What is the units digit of 34146269?
9
What is the tens digit of 2012104?
0
What is the ten thousands digit of 237300144?
0
What is the tens digit of 296072238?
3
What is the hundreds digit of 3663981768?
7
What is the hundred thousands digit of 108042899?
0
What is the millions digit of 6149727947?
9
What is the thousands digit of 155269717?
9
What is the millions digit of 544216929?
4
What is the ten thousands digit of 11821934?
2
What is the millions digit of 6047182?
6
What is the ten thousands digit of 173995654?
9
What is the ten thousands digit of 63490454?
9
What is the units digit of 716214080?
0
What is the units digit of 581590708?
8
What is the units digit of 3475585897?
7
What is the millions digit of 80065738?
0
What is the millions digit of 211792103?
1
What is the ten millions digit of 152961622?
5
What is the units digit of 47019551?
1
What is the tens digit of 41900245?
4
What is the hundred millions digit of 179293678?
1
What is the hundred thousands digit of 1216251?
2
What is the units digit of 743651034?
4
What is the units digit of 180229142?
2
What is the ten thousands digit of 62268543?
6
What is the thousands digit of 3538453994?
3
What is the ten thousands digit of 5051279?
5
What is the hundred millions digit of 613115384?
6
What is the hundreds digit of 79516525?
5
What is the thousands digit of 408474333?
4
What is the hundred thousands digit of 83477209?
4
What is the hundred millions digit of 943845645?
9
What is the millions digit of 79946817?
9
What is the tens digit of 14077785?
8
What is the ten millions digit of 710389219?
1
What is the ten millions digit of 14239360?
1
What is the thousands digit of 129771722?
1
What is the millions digit of 2186682370?
6
What is the ten millions digit of 379025718?
7
What is the units digit of 70705052?
2
What is the ten millions digit of 240789046?
4
What is the millions digit of 237330315?
7
What is the tens digit of 44948833?
3
What is the ten thousands digit of 105656371?
5
What is the thousands digit of 60592709?
2
What is the thousands digit of 46587444?
7
What is the ten millions digit of 4457121270?
5
What is the thousands digit of 224270708?
0
What is the millions digit of 161055707?
1
What is the millions digit of 521361207?
1
What is the hundred millions digit of 925396327?
9
What is the thousands digit of 372780999?
0
What is the hundreds digit of 6317182648?
6
What is the units digit of 53783855?
5
What is the hundred thousands digit of 606376973?
3
What is the units digit of 510324770?
0
What is the thousands digit of 527787222?
7
What is the hundred millions digit of 1042631364?
0
What is the thousands digit of 53426783?
6
What is the billions digit of 3274346436?
3
What is the billions digit of 2628799698?
2
What is the ten thousands digit of 12880838?
8
What is the hundred millions digit of 203723199?
2
What is the units digit of 872510232?
2
What is the ten millions digit of 60164744?
6
What is the thousands digit of 81418021?
8
What is the tens digit of 3068543347?
4
What is the units digit of 13797588?
8
What is the millions digit of 312832195?
2
What is the units digit of 580395029?
9
What is the ten millions digit of 76544534?
7
What is the millions digit of 33984141?
3
What is the units digit of 12215778?
8
What is the tens digit of 98370213?
1
What is the units digit of 14725830?
0
What is the ten thousands digit of 1699321635?
2
What is the hundreds digit of 380008036?
0
What is the millions digit of 164908370?
4
What is the ten thousands digit of 6168693?
6
What is the ten thousands digit of 33759270?
5
What is the units digit of 572530912?
2
What is the hundred millions digit of 249788243?
2
What is the hundred thousands digit of 2941915434?
9
What is the hundreds digit of 638972573?
5
What is the hundreds digit of 268871112?
1
What is the hundred millions digit of 2099573091?
0
What is the hundreds digit of 3478561?
5
What is the millions digit of 1468474?
1
What is the hundreds digit of 18622635?
6
What is the tens digit of 1796058954?
5
What is the thousands digit of 2834345?
4
What is the millions digit of 1791935536?
1
What is the billions digit of 5476228253?
5
What is the hundreds digit of 67750173?
1
What is the millions digit of 295161467?
5
What is the ten thousands digit of 219629684?
2
What is the ten thousands digit of 1065894564?
9
What is the ten thousands digit of 31261750?
6
What is the units digit of 21964636?
6
What is the units digit of 6813273?
3
What is the thousands digit of 401587676?
7
What is the hundred thousands digit of 2151419424?
4
What is the thousands digit of 272848553?
8
What is the tens digit of 15052239?
3
What is the tens digit of 185920719?
1
What is the thousands digit of 434249751?
9
What is the hundreds digit of 2372472?
4
What is the millions digit of 16106141?
6
What is the ten millions digit of 420573390?
2
What is the ten thousands digit of 416286503?
8
What is the millions digit of 86727804?
6
What is the millions digit of 224405824?
4
What is the ten thousands digit of 2734065672?
6
What is the thousands digit of 40000120?
0
What is the ten thousands digit of 1509624146?
2
What is the millions digit of 1140526164?
0
What is the hundred millions digit of 162432503?
1
What is the ten thousands digit of 68943670?
4
What is the thousands digit of 230315731?
5
What is the hundred millions digit of 4904517795?
9
What is the hundred millions digit of 2104665790?
1
What is the ten thousands digit of 79700044?
0
What is the millions digit of 698520428?
8
What is the thousands digit of 2034644698?
4
What is the ten thousands digit of 36453749?
5
What is the hundred thousands digit of 488240262?
2
What is the millions digit of 24688712?
4
What is the ten thousands digit of 92053314?
5
What is the hundred thousands digit of 214346945?
3
What is the ten thousands digit of 499037653?
3
What is the hundred thousands digit of 51155767?
1
What is the thousands digit of 1508655283?
5
What is the units digit of 12794707?
7
What is the millions digit of 34114703?
4
What is the hundred thousands digit of 112723911?
7
What is the hundreds digit of 1338923590?
5
What is the hundred thousands digit of 898435855?
4
What is the ten millions digit of 570085422?
7
What is the tens digit of 26082713?
1
What is the ten millions digit of 244912260?
4
What is the hundred thousands digit of 1813452738?
4
What is the thousands digit of 5699767?
9
What is the units digit of 183254078?
8
What is the units digit of 12362549?
9
What is the hundreds digit of 27353390?
3
What is the ten thousands digit of 383406643?
0
What is the units digit of 1459943510?
0
What is the ten thousands digit of 57325476?
2
What is the millions digit of 257477403?
7
What is the units digit of 139151510?
0
What is the tens digit of 14233067?
6
What is the thousands digit of 26261257?
1
What is the hundreds digit of 2415419638?
6
What is the millions digit of 319407470?
9
What is the ten millions digit of 229660479?
2
What is the ten thousands digit of 89294050?
9
What is the thousands digit of 73118284?
8
What is the hundreds digit of 300222552?
5
What is the millions digit of 766099962?
6
What is the hundred thousands digit of 397212485?
2
What is the thousands digit of 291481899?
1
What is the hundred thousands digit of 31637120?
6
What is the thousands digit of 2383333479?
3
What is the hundred thousands digit of 41811451?
8
What is the millions digit of 28614726?
8
What is the ten thousands digit of 558127914?
2
What is the hundreds digit of 300812717?
7
What is the units digit of 828937113?
3
What is the ten millions digit of 66921945?
6
What is the ten thousands digit of 21967560?
6
What is the ten thousands digit of 621681084?
8
What is the hundreds digit of 225283808?
8
What is the hundreds digit of 8076145307?
3
What is the hundred thousands digit of 30386138?
3
What is the units digit of 1536718361?